000 and 104?
8
Calculate the greatest common divisor of 32 and 9928336.
16
What is the greatest common factor of 123848 and 6328?
904
Calculate the highest common divisor of 7938 and 406.
14
Calculate the highest common factor of 103892 and 2204.
76
What is the greatest common divisor of 935 and 3146?
11
Calculate the highest common divisor of 2205 and 140679.
441
Calculate the highest common factor of 8041737 and 394.
197
What is the greatest common divisor of 7139 and 228569?
121
Calculate the greatest common divisor of 217 and 114989.
7
Calculate the highest common divisor of 3828 and 9108.
132
Calculate the highest common divisor of 195 and 3909.
3
Calculate the greatest common factor of 131110 and 1610.
70
What is the greatest common divisor of 141 and 27871?
47
What is the highest common factor of 5432 and 11834?
194
Calculate the highest common divisor of 10944 and 20900.
76
What is the highest common divisor of 4164 and 132?
12
Calculate the greatest common factor of 176 and 7701584.
176
What is the highest common factor of 678 and 20114?
226
What is the greatest common factor of 25125 and 1500?
375
What is the highest common divisor of 2132 and 5798?
26
Calculate the highest common factor of 72 and 84144.
24
What is the highest common factor of 9062 and 874?
46
What is the highest common divisor of 9916 and 2812?
148
What is the highest common divisor of 67743 and 702?
351
What is the highest common factor of 775 and 4557?
31
Calculate the highest common divisor of 23548 and 2842.
406
Calculate the highest common divisor of 22489 and 4558.
43
What is the highest common factor of 146353 and 85?
17
What is the highest common divisor of 253906 and 316?
158
Calculate the greatest common divisor of 111374 and 717.
239
What is the greatest common divisor of 3093632 and 32?
32
What is the greatest common divisor of 16295 and 120?
5
What is the highest common factor of 4224 and 263040?
384
Calculate the greatest common factor of 28090 and 23744.
106
Calculate the highest common divisor of 1564 and 25668.
92
What is the greatest common divisor of 102596 and 143?
13
What is the highest common divisor of 42 and 1442427?
21
What is the highest common divisor of 26360 and 40?
40
What is the highest common divisor of 568 and 500?
4
What is the greatest common divisor of 6790 and 35840?
70
Calculate the greatest common factor of 124 and 1234513.
31
Calculate the highest common divisor of 91182 and 3094.
182
Calculate the greatest common divisor of 13072913 and 511.
511
What is the greatest common factor of 80750 and 76?
38
Calculate the highest common divisor of 187 and 5049.
187
Calculate the highest common factor of 139369 and 1.
1
What is the highest common factor of 354 and 352761?
177
What is the highest common divisor of 7152 and 19056?
48
What is the greatest common factor of 36225 and 1344?
21
Calculate the greatest common divisor of 148 and 1349982.
74
Calculate the highest common factor of 114 and 435898.
38
Calculate the greatest common factor of 94 and 14194.
94
Calculate the highest common factor of 1342 and 8184.
22
What is the highest common factor of 135261 and 323?
19
Calculate the highest common divisor of 41625 and 425.
25
What is the highest common divisor of 118 and 4556983?
59
Calculate the highest common factor of 224 and 3144.
8
Calculate the greatest common factor of 727 and 2703713.
727
Calculate the highest common factor of 2268 and 351.
27
What is the highest common factor of 286 and 403?
13
What is the highest common factor of 6732 and 1452?
132
Calculate the greatest common divisor of 390 and 50.
10
What is the highest common divisor of 6893 and 4819?
61
What is the highest common factor of 1950 and 10270?
130
Calculate the greatest common divisor of 33435 and 585.
45
What is the greatest common factor of 3666 and 5123?
47
What is the highest common divisor of 468 and 2116?
4
What is the greatest common divisor of 48816 and 648?
216
Calculate the highest common divisor of 115984 and 528.
176
What is the greatest common factor of 212802 and 2088?
174
Calculate the greatest common factor of 26775 and 30855.
255
Calculate the highest common factor of 25160 and 490.
10
Calculate the greatest common factor of 93975 and 6825.
525
What is the greatest common factor of 450 and 1200?
150
Calculate the greatest common divisor of 385628 and 1284.
428
What is the greatest common factor of 29136 and 1032?
24
Calculate the greatest common divisor of 25283 and 4053.
193
Calculate the highest common factor of 50 and 15625.
25
What is the highest common divisor of 440237 and 4697?
427
Calculate the greatest common divisor of 28 and 723716.
28
What is the highest common divisor of 16 and 27544432?
16
What is the highest common factor of 1184274 and 36?
18
What is the highest common factor of 119082 and 17088?
534
What is the highest common divisor of 21 and 11347?
7
What is the highest common factor of 7414 and 8492?
22
Calculate the highest common divisor of 193820 and 440.
220
What is the greatest common factor of 145263 and 123?
123
Calculate the greatest common factor of 40 and 2495030.
10
What is the highest common divisor of 534 and 2342302?
178
Calculate the greatest common divisor of 1040 and 60.
20
Calculate the highest common divisor of 30 and 9190.
10
Calculate the greatest common divisor of 328 and 8.
8
Calculate the greatest common factor of 556 and 52.
4
What is the greatest common factor of 81 and 19161?
9
What is the greatest common factor of 72 and 20872?
8
What is the highest common divisor of 7006 and 558?
62
What is the highest common divisor of 448602 and 2310?
462
What is the greatest common divisor of 780 and 11544?
156
Calculate the highest common factor of 196823 and 174.
29
Calculate the greatest common factor of 1098734 and 182.
182
What is the highest common factor of 35 and 5677?
7
What is the greatest common divisor of 10437 and 6468?
147
Calculate the highest common factor of 255 and 165.
15
Calculate the highest common divisor of 38380 and 1212.
404
Calculate the greatest common factor of 451 and 22.
11
Calculate the highest common factor of 32 and 16972.
4
What is the greatest common factor of 22 and 72017?
11
What is the greatest common factor of 738 and 3558?
6
What is the greatest common divisor of 278625 and 15?
15
What is the greatest common factor of 946772 and 115?
23
What is the highest common factor of 408265 and 715?
715
Calculate the highest common factor of 10666 and 10.
2
Calculate the greatest common divisor of 222530 and 1540.
770
What is the highest common divisor of 210 and 482895?
105
Calculate the greatest common divisor of 303898 and 882.
98
What is the greatest common factor of 17 and 497658?
17
Calculate the greatest common divisor of 2555 and 2030.
35
Calculate the highest common factor of 37053 and 6.
3
Calculate the highest common factor of 387 and 48461.
43
What is the highest common factor of 85 and 129319?
17
Calculate the greatest common divisor of 3975 and 776715.
795
What is the highest common factor of 7769 and 37655?
17
What is the greatest common divisor of 24 and 4376?
8
Calculate the greatest common factor of 725173 and 57.
19
Calculate the highest common divisor of 528 and 573441.
33
Calculate the greatest common factor of 163390 and 40.
10
Calculate the highest common divisor of 21 and 1249.
1
What is the greatest common factor of 45 and 15435?
45
Calculate the greatest common divisor of 113996 and 4.
4
What is the greatest common factor of 32 and 3001?
1
Calculate the greatest common divisor of 34350 and 111294.
1374
Calculate the highest common factor of 2 and 392859.
1
What is the greatest common divisor of 850 and 66400?
50
Calculate the greatest common divisor of 240 and 48240.
240
What is the greatest common factor of 962123 and 3193?
103
What is the greatest common divisor of 120 and 527808?
24
What is the highest common factor of 850 and 2510?
10
What is the greatest common divisor of 27 and 1687689?
27
What is the highest common divisor of 218 and 50?
2
What is the highest common divisor of 15365 and 23267?
439
What is the highest common divisor of 46530 and 27?
9
Calculate the highest common factor of 169015 and 439.
439
What is the greatest common fact